 9 + t. What is the tens digit of n?
2
Let j(f) = f**3 + f**2. Let g(c) = 4*c**3 - 4*c**2 + 7*c - 9. Let o(y) = -g(y) + 3*j(y). What is the units digit of o(6)?
3
Let d = -4 - -8. Suppose -4*r - d = -6*r. What is the units digit of r?
2
Let u = -8 + 19. Let i = -12 - -17. Suppose -3*k - 3*v - 4 - i = 0, -u = k + 3*v. What is the units digit of k?
1
Suppose m + 1 = 4. Suppose 6 = -m*g + 5*f, 3*f + 0 = 4*g - 3. Let q = g - 2. What is the units digit of q?
1
Let z = -296 + 450. What is the tens digit of z?
5
Let a(z) = z**2 - 5*z. Let y be a(5). Let t be 34 - 0 - (y - 0). Suppose 2*l + 2*u - 6*u + 6 = 0, -2*l + t = 4*u. What is the units digit of l?
7
Let n(p) = -7*p. Let s be n(-1). Suppose 0 = -3*z + 3*m - 6, 5*m - 2 + 7 = 0. Let k = s + z. What is the units digit of k?
4
Let r(v) = -5*v - 4. What is the tens digit of r(-5)?
2
Suppose -187 + 769 = 6*x. What is the units digit of x?
7
Let y(u) = 3*u**3 - 3*u**2 - 4*u - 2. Let v be y(-2). Let a = v - -47. What is the tens digit of a?
1
Let n(s) = s**2 + 4*s + 2. Let d be n(-4). Let z be 2*(0 - (-10)/4). Let x = z - d. What is the units digit of x?
3
Let m(y) = 33*y**2 - y - 1. What is the units digit of m(-1)?
3
Suppose 2*u = -5*z + 43, 2*u - 56 = -3*z - 7. What is the tens digit of u?
2
Suppose 0 = 6*o - 36 - 162. What is the tens digit of o?
3
Let t = -19 - -22. What is the units digit of t?
3
Suppose -3*t = -0*t - 3. Let w = 6 + t. What is the units digit of w?
7
Let r(o) = o**2 + o + 10. What is the tens digit of r(9)?
0
Suppose -4*v + 4*h = -8*v + 696, 344 = 2*v + 3*h. What is the units digit of v?
8
Let b(x) = 2*x**2 + 11*x - 4. Let a(d) = d**2 + d - 1. Let j(n) = 4*a(n) - b(n). What is the units digit of j(5)?
5
Let g(f) = -f - 10. Let o be g(-13). Suppose -o*s + 4 + 29 = 0. What is the tens digit of s?
1
Suppose -30 + 90 = 2*r + 2*y, -2*r - y = -63. What is the tens digit of r?
3
Let v(d) = 290*d**2 - d - 3. What is the units digit of v(-1)?
8
Let r = -1 + 6. Suppose -h = 1 - r. What is the units digit of h?
4
Let i = 50 + -25. Suppose b = 6*b - i. Let r(z) = -z**2 + 7*z - 2. What is the units digit of r(b)?
8
Let r(q) = q + 5. Let t be r(-5). Let u(o) = o + 8. What is the units digit of u(t)?
8
Let c(a) = -2*a - 12. Let k be c(-8). Let r be 1/((4/(-3))/k). What is the tens digit of 207/12 - r/(-12)?
1
Suppose 2*h = 7*h - 10. Suppose -x + 4 = 0, h*j + 3*j + 3*x - 22 = 0. What is the units digit of j?
2
Let j = 226 - 91. What is the tens digit of j?
3
Let x be -1 + 3 - (-6)/(-3). Suppose 4*q + 0*q = x. Suppose 0 = 2*y - 2*u - 17 - 3, q = -5*u + 5. What is the units digit of y?
1
Let a(x) = -2*x**2 - 7*x - 5. Let q be a(-4). Let l = q + 19. What is the tens digit of l?
1
Let b(n) = 15*n**3 + n**2 - n + 1. Let g be b(1). Suppose -g*q = -14*q - 14. What is the units digit of q?
7
Let b(y) = 4*y**2 - 2*y + 2. Let x be 20/(-15)*3/(-2). What is the tens digit of b(x)?
1
Suppose x - 3 = 1, -4*g = -3*x - 452. What is the tens digit of g?
1
Let g(m) = -7*m. Let c be g(4). What is the units digit of ((-1)/(-2))/((-2)/c)?
7
What is the tens digit of -4 + (-7)/(-1) - -49?
5
What is the tens digit of (-2)/((-12)/501) - (-6)/4?
8
Let x = 46 + -3. What is the tens digit of x?
4
Let l(k) = -k**3 - 5*k**2 - 4*k + 8. Let t be l(-6). Let x = t + -46. What is the units digit of x?
2
Suppose 5*w = -3*g + 18 - 3, 2*w - 3*g = -15. Suppose w = 5*s - 2*s + 6. What is the units digit of -8*(1/s + 0)?
4
Suppose -3*o + 60 - 17 = 5*i, -3*o + 5*i + 53 = 0. What is the units digit of o?
6
Suppose 4*o - 63 = -3*x + o, 4*x - 4*o - 92 = 0. Suppose -3*j - 3*f = 2*j - 98, 0 = j + 3*f - x. What is the units digit of 1/(-3) + j/3?
6
Let h be 3/(-2) + (-2)/(-4). Let z be (-2)/(-4) - 66/(-12). Let k = z - h. What is the units digit of k?
7
Let p = -44 + 71. What is the units digit of p?
7
Suppose 5*k - 4*i = 81, 2*k = i - 5*i + 10. What is the units digit of k?
3
Suppose -4*r - 36 = 4*y, -3 = -3*r - y - 32. Let t = r + 44. What is the units digit of t?
4
Let s = -558 - -854. What is the hundreds digit of s?
2
Suppose -4*s + 228 = -4. Suppose 0 = 3*k - 11 - s. What is the tens digit of k?
2
Let f(b) be the second derivative of -5*b**3/6 - 5*b**2/2 - b. What is the tens digit of f(-6)?
2
Let h(x) = 26*x - 70. What is the tens digit of h(12)?
4
What is the hundreds digit of 276/8*(-28)/(-3)?
3
Suppose 3*t = -t + 4, -10 = -o - 5*t. Suppose -4*z + 4 = o*d - 3, 4*d - 2 = -2*z. What is the units digit of z?
3
Let t = 3 + 1. Suppose -t*j - 3 = -19. Suppose l - 5*a = -21, -j*a = 4*l - 7*a - 1. What is the units digit of l?
4
Suppose 3*v - 370 = d + d, 4*d + 260 = 2*v. What is the units digit of ((-1)/2)/((-4)/v)?
5
Let z(l) = -2*l**3 + 2*l**2 + 3*l. Suppose i = q, 6*i + 18 = i - 4*q. What is the units digit of z(i)?
8
Suppose -4*x = -u + 1, 3*x + 3 - 1 = 2*u. Suppose 4*p - 21 = -5*t, x = 5*p - 0*p + 3*t - 36. What is the units digit of p?
9
Let h = -3 - -4. Let b = -1 + h. Suppose 0*g + g - 8 = b. What is the units digit of g?
8
Let k(b) be the first derivative of -b**3/3 + 4*b**2 + 1. Let x(t) = -t**3 - t**2 + 4*t + 1. Let c be x(-3). What is the units digit of k(c)?
7
Let n be 12/16 + (-2)/(-8). What is the units digit of n + -4 + 3 - -13?
3
Let h = 804 - 568. What is the hundreds digit of h?
2
Let r(l) = -4 + 8 - 5 - l + 2*l**2 + 2. Let g be r(1). Let t(c) = 4*c**3 - 4*c**2 + c + 2. What is the tens digit of t(g)?
2
Let f = 9 + -6. Let o(g) = -3*g - 18. Let w be o(-15). Suppose -w = -0*b - f*b. What is the units digit of b?
9
Suppose f = 3*z + 187, -3*f = -0*f - 4*z - 581. Suppose -4*v = 35 - f. What is the tens digit of v?
4
Let z = -349 + 585. What is the hundreds digit of z?
2
Let z = 12 - 8. Suppose z*v = -v + 25. What is the units digit of v?
5
What is the units digit of 30/9*18/12?
5
Let z(x) = 2*x**2 - x - 11. What is the units digit of z(8)?
9
Suppose x - 60 = -4*i + 2*i, 2*i - 36 = 5*x. What is the tens digit of i?
2
Let h(r) = -r**3 - 8*r**2 - 9*r - 4. What is the tens digit of h(-7)?
1
What is the tens digit of 14/10 + -2 + 294/15?
1
Suppose 0 = 2*o + 2 + 4. Let j = 7 - o. What is the units digit of j?
0
Let q(f) be the first derivative of 1 - 1/3*f**3 + 4*f - 1/2*f**2. What is the units digit of q(0)?
4
Let b(a) = a + 1. Let p be b(-4). Let v = -2 - p. Let c = v + 3. What is the units digit of c?
4
Suppose -s = 4*s. Suppose 2*a - 58 = 5*v, v = 3*a - 61 - s. What is the tens digit of a?
1
Let c(w) = -w**2 + 5*w - 6. Let a be c(6). Let i = 28 + a. Let q = 26 - i. What is the units digit of q?
0
Let j(u) = -u**3 - 4*u**2 - 6*u + 1. What is the units digit of j(-5)?
6
Suppose 0 = 5*q - 1 - 14. Suppose -q*a + 2*h = -3, -h + 4*h - 3 = -3*a. What is the units digit of a?
1
Let g(n) = -n**2 + 6*n + 8. What is the units digit of g(6)?
8
Suppose -3*n + 20 = n. Suppose -n*v = -2*v - 18. What is the units digit of v?
6
Let v(q) = q**2. What is the units digit of v(7)?
9
Suppose -2 = -5*f + 18. Suppose f*t - 15 - 81 = 0. What is the units digit of t?
4
Let o(g) = g + 1. Let r be ((-4)/(-3))/((-2)/(-3)). Suppose 0*w + 2 = -3*w - 2*y, 0 = r*w - 3*y - 16. What is the units digit of o(w)?
3
Let l(f) = f**2 - 5*f + 3. Let c be l(5). What is the tens digit of (-17)/(-1) - 1 - c?
1
Suppose -477 - 261 = -6*a. What is the units digit of a?
3
Let n = -38 - -70. What is the tens digit of n?
3
What is the units digit of ((-258)/(-18))/(2/6)?
3
Let v(o) = o**3 + 5*o**2 + o**2 - 5 + 5*o**2 - 12*o. Let j be v(-12). Let p = j + 11. What is the units digit of p?
6
Let r(i) = i**3 - 7*i**2 + 8*i - 6. Let p be r(6). Let s be (-1)/(-2)*1*p. Suppose 26 = -g + s*g. What is the units digit of g?
3
Let f be 1/(-6)*-3*132. Suppose 18 - f = -4*z. What is the units digit of (z/(-8))/((-3)/16)?
8
Suppose -y = -2*x + 3*x + 1, 0 = -x + 2*y + 11. Let d be 38/4*(-14)/(-7). Suppose 4*o = -x + d. What is the units digit of o?
4
Let f = -22 - -1. Let q = f + 30. What is the units digit of q?
9
Let y be 1/2*6*1. Suppose -g - 2 = z, -g + 4 = -y*z - 2*g. What is the units digit of (1 - z)/(3/6)?
4
Suppose 0 = -5*n + 2*b - 13, -5*n = -4*b - 0 + 21. What is the units digit of ((0 - 12) + 1)*n?
1
Let k(x) = x**3 - 6*x**2 + x - 7. Let i be k(6). What is the tens digit of i/(-2*(-3)/(-102))?
1
Suppose -4*z = -4*k - 0*k + 108, -24 = -k + 4*z. What is the tens digit of k?
2
